4343
In base 3, what is 0 + 1210110012222200?
1210110012222200
In base 4, what is -2201133122121 + -12?
-2201133122133
In base 16, what is 3 - -730092b?
730092e
In base 10, what is -15 - 3137084?
-3137099
In base 10, what is -24934 - -44678?
19744
In base 8, what is -311 - 77026?
-77337
In base 16, what is 4 + 2c187d?
2c1881
In base 5, what is 2 + -1222244210?
-1222244203
In base 15, what is -cc + -2074?
-2151
In base 5, what is 12330322422414 - 2?
12330322422412
In base 14, what is 792018 + -5?
792013
In base 14, what is 11 + -206ba2?
-206b91
In base 3, what is 211110000 + -21020?
211011210
In base 2, what is 1001101101100110111011001011 - 100?
1001101101100110111011000111
In base 10, what is 24313319 + 2?
24313321
In base 11, what is -50a - 139a?
-18a9
In base 9, what is 71630 - 868?
70651
In base 16, what is -26ed + 431?
-22bc
In base 14, what is 399 - 5796?
-53db
In base 6, what is 5 + -2540455143?
-2540455134
In base 2, what is 110000100100110101101100011110 - -10?
110000100100110101101100100000
In base 14, what is 13392c - -163?
133a91
In base 6, what is 2 + 441204?
441210
In base 8, what is -4 - -26200240?
26200234
In base 3, what is -121121220 - -20012112?
-101102101
In base 3, what is -222120 - -101111221?
100112101
In base 12, what is -20 - 143364?
-143384
In base 12, what is 3779 + -37b2?
-35
In base 12, what is -5 - -a61475?
a61470
In base 7, what is 136106545 + 1?
136106546
In base 6, what is 11510203 - 503?
11505300
In base 6, what is -245 - 44101355?
-44102044
In base 10, what is -532176614 + -5?
-532176619
In base 15, what is -24918 - -e1?
-24827
In base 15, what is 6a9a - 124?
6976
In base 5, what is -3 - -4302422331?
4302422323
In base 2, what is 1010101111101010 + -10000110001?
1010011110111001
In base 13, what is 0 - -cb656?
cb656
In base 7, what is -4454123 + -3?
-4454126
In base 13, what is 5c4b86 + -1?
5c4b85
In base 14, what is -1272a - d?
-12739
In base 10, what is -360702 - 14?
-360716
In base 6, what is 0 - 4050233434?
-4050233434
In base 3, what is -101202 + -1010221102?
-1011100011
In base 13, what is -10a9a - -292?
-10808
In base 2, what is 11 + 110111111011011101010011110?
110111111011011101010100001
In base 2, what is 10001111010011000 - -10100011?
10001111100111011
In base 5, what is 42404 + -2042?
40312
In base 14, what is 2438b82 - -4?
2438b86
In base 16, what is 20c2 + 17d6?
3898
In base 16, what is 13183f3 - 3?
13183f0
In base 12, what is -939 - 2bb41?
-3087a
In base 10, what is -326 - -82392?
82066
In base 16, what is -c338c24 - 2?
-c338c26
In base 11, what is -1327 - 19476?
-1a7a2
In base 4, what is 22232121 + 310023?
23202210
In base 8, what is 550105 - 360?
547525
In base 15, what is -2 + 322a1c?
322a1a
In base 7, what is -34 - -3300156?
3300122
In base 10, what is 55 + 3179922?
3179977
In base 3, what is 2202220202211122 - 110?
2202220202211012
In base 8, what is -543 - 112710?
-113453
In base 16, what is 6a + 791347?
7913b1
In base 5, what is -14022 - -1401412?
1332340
In base 13, what is -2 - -c28609?
c28607
In base 3, what is 12202211110201 - -1212?
12202211112120
In base 16, what is -3d0c - -cd?
-3c3f
In base 8, what is 76 + 50736?
51034
In base 15, what is -547bd300 + -1?
-547bd301
In base 6, what is -4 + -552015141?
-552015145
In base 15, what is 7a48c1 + 80?
7a4951
In base 16, what is 69ac0d - -6?
69ac13
In base 11, what is -55 + 1044338?
1044293
In base 6, what is 5 - 15404334554?
-15404334545
In base 12, what is -6 + 79a14?
79a0a
In base 10, what is 2208560 + -18?
2208542
In base 15, what is -5383b - 18?
-53854
In base 11, what is -1 - 6642943?
-6642944
In base 7, what is 1446532 - 122?
1446410
In base 5, what is 100 - -13214104?
13214204
In base 16, what is -1 + -294fff?
-295000
In base 15, what is 91b504 - 4?
91b500
In base 5, what is -212402413 - -240?
-212402123
In base 14, what is 2 - 8656?
-8654
In base 3, what is 122011211022011 - 11?
122011211022000
In base 15, what is 3c8 - c6075?
-c5b9c
In base 12, what is 21a38 + 201?
22039
In base 14, what is -5 + 2344641?
234463a
In base 7, what is -1 + -56416341?
-56416342
In base 9, what is -16385444 + -30?
-16385474
In base 13, what is -31386506 + -4?
-3138650a
In base 3, what is 10112012 - -21011022?
101200111
In base 15, what is 501875 + 7?
50187c
In base 14, what is -3c2 + -26b?
-64d
In base 6, what is -405 - 14143402?
-14144211
In base 7, what is 50310433 - -2?
50310435
In base 8, what is -1 - -4704337?
4704336
In base 16, what is 138a3f4 - 2?
138a3f2
In base 2, what is 11101111101001011010101 - 1011?
11101111101001011001010
In base 13, what is -6ccb6 + -a6?
-7008c
In base 7, what is -20234123 + -13?
-20234136
In base 7, what is -1243 - 125?
-1401
In base 3, what is -20112111011110022 + 12?
-20112111011110010
In base 12, what is -32 + -1997417?
-1997449
In base 15, what is 5 - -7cbeee9?
7cbeeee
In base 14, what is 6 - -836d84?
836d8a
In base 9, what is -70026 - 418?
-70445
In base 15, what is 1671d10 + 4?
1671d14
In base 12, what is -7596 - 1698?
-9072
In base 8, what is 5 + -112730755?
-112730750
In base 10, what is 13117527 - 5?
13117522
In base 15, what is -16 - 3765a44?
-3765a5a
In base 13, what is 2b4325c + 1?
2b43260
In base 10, what is -15856 - 636?
-16492
In base 8, what is 1632557 - 44?
1632513
In base 7, what is -6466 - 515235?
-525034
In base 6, what is 1441043 - -31140?
1512223
In base 5, what is -2100210 + -413034?
-3013244
In base 7, what is 123 - 16136243?
-16136120
In base 7, what is -15620020 + 0?
-15620020
In base 4, what is 1203 + 333122010?
333123213
In base 6, what is -13 - -22032305?
22032252
In base 9, what is -140240 + -1533?
-141773
In base 14, what is 85 - -41266?
4130b
In base 4, what is 302 + 1201333112?
1202000020
In base 10, what is 2 - 2351313?
-2351311
In base 16, what is 4e + 1038d23?
1038d71
In base 14, what is -7 + -200a524?
-200a52b
In base 11, what is 2a456 + -142?
2a314
In base 5, what is -10403 - -20110321?
20044413
In base 7, what is 1403665 - -45?
1404043
In base 12, what is 80 - 19aa38?
-19a978
In base 7, what is 44043103 - 66?
44043004
In base 13, what is -3baba + 50?
-3ba6a
In base 10, what is 7892 + -541?
7351
In base 4, what is 302223230 + -303?
302222321
In base 6, what is -51125352 + -2?
-51125354
In base 4, what is -330110321 + 2223?
-330102032
In base 3, what is -10120112211221 - -2011?
-10120112202210
In base 14, what is -1780 - 76?
-1816
In base 10, what is -7 - -28054921?
28054914
In base 13, what is a + 1b9aa7a?
1b9aa87
In base 15, what is -7 - -8e645c0?
8e645b8
In base 8, what is 13 + 3246076?
3246111
In base 6, what is -1224 - -2013334?
2012110
In base 13, what is -3 - -25858c55?
25858c52
In base 15, what is 0 - -86ee470?
86ee470
In base 3, what is 10 - 22101022022112?
-22101022022102
In base 3, what is 120102102 - 1000220?
112101112
In base 8, what is -4104 + 1137527?
1133423
In base 8, what is -23 - 47446227?
-47446252
In base 2, what is -100 + 100001000010001000100100010?
100001000010001000100011110
In base 15, what is -13 - -823?
810
In base 8, what is -2 + 241317420?
241317416
In base 4, what is -33213133210131 + 2?
-33213133210123
In base 8, what is 5 - 350242014?
-350242007
In base 14, what is -47 - -51c4a?
51c03
In base 10, what is -28649 - -758?
-27891
In base 10, what is 9 + 10115160?
10115169
In base 9, what is 152833 + -1116?
151716
In base 9, what is -53448 + -13?
-53462
In base 7, what is 134003 - 626?
133044
In base 7, what is -466613 - 1235?
-501151
In base 8, what is -464 - 1371747?
-1372433
In base 9, what is -1 - -182055488?
182055487
In base 6, what is 5 - 3225235?
-3225230
In base 4, what is -221311331121 - 3?
-221311331130
In base 12, what is 3 + 2821b3?
2821b6
In base 12, what is -2 + -1463152?
-1463154
In base 6, what is 123 + 250340040?
250340203
In base 3, what is -2020210221 - 102111122?
-2200022120
In base 5, what is -4134233 - 104?
-4134342
In base 13, what is 5 + 635681?
635686
In base 12, what is -508b + 4713?
-578
In base 2, what is 1111001110000 - -10000000110?
10001001110110
In base 2, what is 11001100110010010011111 + -100?
11001100110010010011011
In base 2, what is 101 - 101110100000111001001?
-101110100000111000100
In base 14, what is 2d6 - 286a8?
-283b2
In base 6, what is -1 - -305353030?
305353025
In base 12, what is -3b083 + 0?
-3b083
In bas